{"id":6057,"date":"2025-11-05T01:45:16","date_gmt":"2025-11-05T01:45:16","guid":{"rendered":"https:\/\/hyprox.pe\/?page_id=6057"},"modified":"2025-12-22T22:05:01","modified_gmt":"2025-12-22T22:05:01","slug":"terminos-y-condiciones","status":"publish","type":"page","link":"https:\/\/hyprox.pe\/?page_id=6057","title":{"rendered":"T\u00e9rminos y Condiciones"},"content":{"rendered":"\n<p>Te damos la bienvenida a\u00a0<a href=\"https:\/\/hyprox.pe\/\">https:\/\/hyprox.pe<\/a>, la plataforma de titularidad de\u00a0<strong>Consorcio Benavides &amp; Asociados S.A.C.<\/strong>, identificada con\u00a0<strong>RUC N\u00b0 20608033441<\/strong>, ubicada en\u00a0<strong>Av. Garcilazo de la Vega 1348 Galeria Cyber Plaza, Tienda 2B-175 Lima, Per\u00fa<\/strong>.<\/p>\n\n\n\n<p>Estos&nbsp;<strong>T\u00e9rminos y Condiciones<\/strong>&nbsp;(en adelante, los&nbsp;<strong>\u201cT&amp;C\u201d<\/strong>) regulan el acceso y uso, en Per\u00fa, pero desde donde sea que accedas y lo uses, a nuestro sitio web (en adelante tambi\u00e9n&nbsp;<strong>\u201c<\/strong><a href=\"https:\/\/hyprox.pe\/\">https:\/\/hyprox.pe\/<\/a><strong>\u201d<\/strong>&nbsp;o el&nbsp;<strong>\u201cSitio\u201d<\/strong>).<\/p>\n\n\n\n<p>El acceso y uso de este sitio se rige por los T&amp;C descritos a continuaci\u00f3n, as\u00ed como por la legislaci\u00f3n que se aplique en Per\u00fa para cada supuesto derivado o vinculado por la interpretaci\u00f3n o ejecuci\u00f3n de los T&amp;C.<\/p>\n\n\n\n<p>En consecuencia, todas las visitas y todos los contratos y transacciones que realices en este sitio, as\u00ed como sus efectos jur\u00eddicos, quedar\u00e1n regidos por estas reglas y sometidas a dicha legislaci\u00f3n.<\/p>\n\n\n\n<p>Los T&amp;C contenidos en este instrumento formar\u00e1n parte de todos los actos y contratos que se ejecuten o celebren mediante los sistemas de oferta y comercializaci\u00f3n comprendidos en este sitio, entre los usuarios de esta plataforma y <a href=\"https:\/\/hyprox.pe\/\">https:\/\/hyprox.pe\/<\/a>.<\/p>\n\n\n\n<p><\/p>\n","protected":false},"excerpt":{"rendered":"<p>Te damos la bienvenida a\u00a0https:\/\/hyprox.pe, la plataforma de titularidad de\u00a0Consorcio Benavides &amp; Asociados S.A.C., identificada con\u00a0RUC N\u00b0 20608033441, ubicada en\u00a0Av. Garcilazo de la Vega 1348 Galeria Cyber Plaza, Tienda 2B-175<\/p>\n","protected":false},"author":1,"featured_media":0,"parent":0,"menu_order":0,"comment_status":"closed","ping_status":"open","template":"","meta":{"_acf_changed":false,"footnotes":""},"class_list":["post-6057","page","type-page","status-publish","hentry"],"acf":[],"_links":{"self":[{"href":"https:\/\/hyprox.pe\/index.php?rest_route=\/wp\/v2\/pages\/6057","targetHints":{"allow":["GET"]}}],"collection":[{"href":"https:\/\/hyprox.pe\/index.php?rest_route=\/wp\/v2\/pages"}],"about":[{"href":"https:\/\/hyprox.pe\/index.php?rest_route=\/wp\/v2\/types\/page"}],"author":[{"embeddable":true,"href":"https:\/\/hyprox.pe\/index.php?rest_route=\/wp\/v2\/users\/1"}],"replies":[{"embeddable":true,"href":"https:\/\/hyprox.pe\/index.php?rest_route=%2Fwp%2Fv2%2Fcomments&post=6057"}],"version-history":[{"count":5,"href":"https:\/\/hyprox.pe\/index.php?rest_route=\/wp\/v2\/pages\/6057\/revisions"}],"predecessor-version":[{"id":6937,"href":"https:\/\/hyprox.pe\/index.php?rest_route=\/wp\/v2\/pages\/6057\/revisions\/6937"}],"wp:attachment":[{"href":"https:\/\/hyprox.pe\/index.php?rest_route=%2Fwp%2Fv2%2Fmedia&parent=6057"}],"curies":[{"name":"wp","href":"https:\/\/api.w.org\/{rel}","templated":true}]}}